of r(t)?
1
Suppose -6789 = -m + 5*g, -479*g = -475*g + 16. What is the units digit of m?
9
Let o(x) = 20*x**2 - 1 - 3 + 3 + 22*x - 1. What is the tens digit of o(-5)?
8
Let w = 66796 + -21017. What is the ten thousands digit of w?
4
Suppose 0 = 327*v - 329*v + 5*x + 19554, 0 = 2*x + 12. What is the hundreds digit of v?
7
Suppose -20*k - 301 = -798847 + 37626. What is the units digit of k?
6
Let m(q) = q**3 - 18*q**2 - 8. Let d be m(18). Let r be ((-6)/d)/(((-40)/(-32))/5). Suppose 118 = r*i - i. What is the tens digit of i?
5
Suppose 0*x + u = -2*x + 33679, u = 2*x - 33681. What is the tens digit of x?
4
Let r(o) = 2*o. Let k be r(9). What is the hundreds digit of (102/k - 5)*288?
1
Suppose -6*c - 28 = -40. What is the hundreds digit of -43 - -42 - (-1704)/c?
8
Let s(d) = 3*d - 47*d**3 + 23*d**2 + 20*d**3 + 11*d**3 + 17*d**3 - 45. What is the hundreds digit of s(-22)?
3
Suppose -9*c + 19855 + 144674 = 0. What is the units digit of c?
1
Let z(y) = 121*y + 4. Let n(s) = -483*s - 16. Let l(o) = -2*n(o) - 9*z(o). Let c be l(1). Let u = c + 223. What is the units digit of u?
6
Let r be ((-2)/(-4))/(3/132). Let y(p) = -2*p**2 - p - 2. Let w(k) = -k**2 - 27*k - 9. Let o(b) = -w(b) + y(b). What is the units digit of o(r)?
5
Let q be (-12)/(-24) + (-4525)/2. Let p be (-2)/(-10) - q/15. Suppose p - 58 = g. What is the units digit of g?
3
Suppose -3*k - 6 = -5*k + a, 3*a = k - 3. Suppose k*n - 3*y - 1703 = 2*y, -5*y - 581 = -n. What is the hundreds digit of n?
5
Suppose 0 = -4*d + 36 + 12. Let k = 16 - d. Suppose 0 = -a + 6*a - 2*p - 886, -k*p = 5*a - 868. What is the tens digit of a?
7
Suppose 57*z + 60746 = 436680 + 15200. What is the hundreds digit of z?
8
Suppose 86*n = 145*n - 147500. What is the thousands digit of n?
2
Suppose 30*l - 500820 = -38*l. What is the units digit of l?
5
Let w(t) be the second derivative of -22*t**3 - 199*t**2/2 - 41*t. What is the hundreds digit of w(-4)?
3
Let x(z) = -10*z + 77. Let k(f) = -f**2 + 9*f + 34. Let g be k(13). What is the tens digit of x(g)?
5
Let f = -105 + 56. Let t = -44 - f. Suppose -5*c + 512 = u, 2*c = t*c + 2*u - 303. What is the tens digit of c?
0
Let k(p) = -59*p**2 - 56*p**2 - 22*p + 179*p**2 + 54 - 65*p**2. What is the tens digit of k(-13)?
7
Let w be 3*3*(-8)/(-18) - -3. Suppose -w*g = -6*g - 1. Suppose 111 = 4*k - g. What is the units digit of k?
8
Let j(k) be the third derivative of -1/2*k**3 - 21*k**2 + 0*k + 23/24*k**4 + 0. What is the tens digit of j(1)?
2
Let t be ((-780)/16)/((-4)/32)*2. Let l = 1135 - t. Let m = l + -149. What is the hundreds digit of m?
2
Suppose -g - 8 = -15. Let f(a) = -3*a + 24. Let d be f(g). Suppose -4*m = 4, d*j + 0*m + 5*m - 481 = 0. What is the hundreds digit of j?
1
Let r = -55 - -75. Suppose 18*k + 5*b + 2575 = r*k, -2*k + 2557 = b. What is the units digit of k?
0
Let f = 23666 - 14460. What is the tens digit of f?
0
Let q(a) = -226*a. Let u(w) = 2*w + 25. Let b be u(-10). Let l be -1*(-4 + b - 0). What is the tens digit of q(l)?
2
Let r(x) = -51*x - 1. Let f be r(-15). Let i = f - 358. What is the units digit of i?
6
Suppose -18*v - 14*v + 12*v + 215800 = 0. What is the ten thousands digit of v?
1
Suppose w + 606 = i - 39, 0 = -5*i + w + 3205. What is the hundreds digit of (0 - -1)/((-2555)/i + 4)?
1
Suppose 5*t + 4*j - 259 = 0, j - 3*j = -t + 49. Let o = 47 - t. What is the tens digit of (o + 16)/3 - -56?
6
Let f(g) = 43*g + 84. Let q = -657 + 682. What is the units digit of f(q)?
9
Suppose 29*b - 67327 = 16*b. Suppose -15*l + 1796 = -b. What is the tens digit of l?
6
Let q = -16 - -6. Let f = -97 - -75. Let w = q - f. What is the tens digit of w?
1
Suppose -5*p + 1222 + 10128 = 4*b, b - 6803 = -3*p. What is the units digit of p?
6
Let r(k) = -17*k**3 - 52*k**2 - 13*k + 9. What is the ten thousands digit of r(-10)?
1
Suppose 6 = m - g, -5*g + 10*g + 26 = 4*m. What is the hundreds digit of m - 0 - 6/12*-242?
1
Let x be (5/(-1))/(-4 - -1 - -2). Suppose -4*c - x*m = 14, 2*c - 7*c = m + 7. What is the tens digit of (3 - (0 - c)) + (-867)/(-17)?
5
Let d(o) = 4*o**2 + 12*o - 41. Suppose -15*x - x = -112. What is the tens digit of d(x)?
3
Let g(i) = -85*i + 78. Let a be g(-30). Suppose 0 = -11*k + a - 648. What is the hundreds digit of k?
1
Let d(p) = -18*p - 41. Suppose -3*s - 3*x - 21 = 0, 2*s - 8*x + 7*x = -8. What is the tens digit of d(s)?
4
Suppose -4*g - 4*b + 2084 = 0, 0 = -2*g + 6*b - 4*b + 1038. Let m = -348 + g. What is the tens digit of m?
7
What is the ten thousands digit of (99/66)/((-6)/1000)*-85?
2
Suppose -2*b = 4*r - 9088, -2*b + 8 = -0. Let w = 3929 - r. What is the tens digit of w?
5
Let n(c) = 14617*c - 249. What is the units digit of n(1)?
8
Let m(h) = 10*h**2 - 95*h - 1901. What is the hundreds digit of m(-31)?
6
What is the units digit of (-2 + -9310)/(21/4 - 6) - 3?
3
Let i(r) = r**3 - 2*r**2 - r + 2. Let x be i(2). Let u be 1 - (2 - x/4). Let l(n) = -65*n**3 - n**2 - 2*n - 2. What is the tens digit of l(u)?
6
Let g(i) = 5134*i + 8 - 5132*i + i**2 - 2. Let f be ((-16)/10)/((-3)/(-15)). What is the tens digit of g(f)?
5
Let k(q) = -2*q + 13. Let t be k(9). Let m = 1 - t. Suppose 147 + 159 = m*l. What is the units digit of l?
1
Let t = 22045 - -14223. What is the units digit of t?
8
Let s be 78*(7 + (-140)/24). Let f = s + 152. What is the tens digit of f?
4
Suppose 0 = -4*u - 3*u + 21. Let w be 105 - (-7)/(7/u). Let f = 184 - w. What is the tens digit of f?
7
Let t = -125 + 207. Let b be 2/(-6) - 2320/(-12). Suppose 3*y + b = 2*n, -n - 2*y + t - 3 = 0. What is the tens digit of n?
8
Let f = -2158 + 2027. Let j(o) = -21*o - 2. Let x be j(3). Let p = x - f. What is the units digit of p?
6
Let r = -19117 - -31749. What is the units digit of r?
2
Let d(l) = -l**2 - 17*l + 8. Let k be d(-12). Suppose 432 = 71*a - k*a. Suppose 5*b - 339 = -3*s, -b + 3*b - 3*s - a = 0. What is the units digit of b?
9
Let p = 5307 + 2078. What is the thousands digit of p?
7
Let r(c) = -c**2 + 11*c - 20. Let k be r(8). Suppose -5*o - 3*s = -2992, 3920 - 1519 = k*o - 5*s. What is the hundreds digit of o?
5
What is the tens digit of (243414/(-4))/(8/(-12)*72/32)?
6
Let q be (4 + -5 - -1) + -4. What is the hundreds digit of ((-3668)/(-20) + 2)/(q/(-20))?
9
What is the units digit of ((-28)/(-4) - (9 + 0))*-14?
8
Let f(r) = r**3 + 25*r**2 - 85*r - 19. Let y be f(-28). Suppose 0 = 4*o - 18 - 18. Let k = o + y. What is the tens digit of k?
1
Let s(b) = -2*b**3 - 156*b**2 + 290*b - 168. What is the units digit of s(-82)?
4
What is the thousands digit of 5 + -2 + -1 - 319143/(-33)?
9
What is the ten thousands digit of 38718/((-8 - (-1403)/184)*(-3 - 1))?
2
Let m = -3936 - -14968. What is the tens digit of m?
3
Suppose 3*w - 69682 = 2*r, 338*w + 2*r - 116110 = 333*w. What is the hundreds digit of w?
2
Let x = -188 - -269. Let w = x + 5. Suppose 3*z + 15 = 0, 0*z = 3*r - z - w. What is the tens digit of r?
2
Suppose 0 = 45*o - 40*o - 2725. Suppose 66*w = 71*w - o. What is the hundreds digit of w?
1
Suppose 6*w - 4*w - 654 = 2*z, 3*w = z + 335. Let p = 345 + z. What is the units digit of p?
2
Let f = -988 + 1776. Let o = -196 + f. What is the tens digit of o?
9
Suppose -13657 = -3*w - 5*o, 5*w = -4*o + 12071 + 10708. What is the thousands digit of w?
4
What is the units digit of 6405 - ((3 - -9) + -4)?
7
Suppose 87 = 2*n + 97, -n = 4*v - 29087. What is the tens digit of v?
7
Let a(u) = u**3 + 20*u**2 - 45*u - 17. Let y be a(-22). Suppose -c + y*o + 88 = -0*c, 5*c - o = 320. Let l = c + -11. What is the units digit of l?
2
Suppose -3*f + 4*w + 102652 = 0, 0 = -4*f - 2*w - 42337 + 179155. What is the thousands digit of f?
4
Suppose -5 - 7 = n. Let x(j) = j**2 + 14*j + 24. Let u be x(n). Suppose v - 1 = 0, 0*y + 4*y - v - 187 = u. What is the tens digit of y?
4
Suppose -286 = q + 217. Let z = 818 + q. Suppose -11*o + z - 62 = 0. What is the tens digit of o?
2
Let g(n) = -1800*n + 7506. What is the hundreds digit of g(-2)?
1
Let k(r) = r**3 + 31*r**2 - 81*r - 23. What is the hundreds digit of k(-25)?
7
Let g(v) = 3*v**2 + 1. Let f be g(1). Suppose -f*d + 4*z + 85 = -75, 0 = 4*d + 4*z - 168. Suppose -8*s + d = -167. What is the units digit of s?
6
Suppose 0 = 3*o - 20 + 26. Let l(y) = -40*y**3 + 8*y**2 + 11*y + 1. What is the tens digit of l(o)?
3
Suppose 10*c - 11*c + 73 = 0. 